2*k + h, 2*h - v = -5*k. What is the units digit of k?
7
Suppose 5*v = -3*b + 9 + 27, -4*b - 16 = -4*v. Suppose 0 = -10*j + 9*j + v. What is the units digit of j?
6
Suppose 5829*i - 5840*i = -4587. What is the tens digit of i?
1
Suppose -9 = 4*w - 7*w. Let v be (6/(-1 + w))/1. Suppose 5*h + v*q - 188 = 0, -6 = 2*q + 2. What is the units digit of h?
0
Let b(x) = 9*x**2 + 11*x + 10. What is the hundreds digit of b(-4)?
1
Let h(u) = u**3 + 14*u**2 + 19*u + 8. Let v(m) = m**3 - 10*m**2 + 23*m - 4. Let r be v(6). What is the hundreds digit of h(r)?
2
Let u(c) = c**3 + 6*c**2 + 7*c + 6. Let m be u(-4). Let o be 28/(-21) + m/3. Suppose 0 = o*i - 2*g + 7*g - 65, 0 = -i + 4*g + 52. What is the units digit of i?
0
Let f = 26 - 36. Let j be (f/6)/(7/(-567)). Suppose -y - 4*y = -j. What is the units digit of y?
7
Suppose -3*m = 2*t - 662, -2*m + 0*m = 0. What is the units digit of t?
1
Let p = -136 + 135. Let j(k) = -127*k + 8. What is the tens digit of j(p)?
3
Let a = 3961 + -2227. What is the units digit of a?
4
Let r(t) = -t**2 + 7*t - 11. Let i be r(7). Suppose 4*n = -n + 90. Let p = n - i. What is the units digit of p?
9
What is the tens digit of ((-10)/2 - 76/(-8))*206?
2
Let x(u) = u**3 - 30*u**2 + 40*u + 112. What is the tens digit of x(29)?
3
Let t be (-2)/11 - 49395/33. What is the tens digit of t/(-21) + (-8)/28?
7
Let p be ((-35)/(-4))/(1/4). Suppose 3*c - p = 25. What is the units digit of c?
0
Suppose 2 + 4 = 2*f. Suppose -x + 36 = f*x. What is the units digit of x?
9
Let z = 13 + -7. Suppose z*o + 19 = 7*o. What is the tens digit of o?
1
Let s(u) be the third derivative of -u**5/60 - u**4/24 + 14*u**3 - 2*u**2. Let k be s(0). What is the tens digit of (5/15)/(2/k)?
1
Let k(v) be the second derivative of v**4/3 - 4*v**3/3 + 5*v**2 - 19*v. What is the tens digit of k(7)?
5
What is the hundreds digit of 3 - (-4 + 9) - -848?
8
Let j(x) = x**2 + 12*x + 14. Let h be j(-12). Suppose h = 3*r + 4*r. What is the units digit of r?
2
Let c = -67 - -70. Suppose -d = c, 5*a - 140 = d + 3. What is the units digit of a?
8
Let o(f) = f**3 + 2*f**2 - 11*f - 5. Suppose 0 = 2*r - 8, 3*d - 4*r = 8*d - 41. What is the units digit of o(d)?
5
Suppose 3*q = -5 - 7. What is the tens digit of 3*6 - (1 + q/(-4))?
1
Suppose -16*w + 15*w + 73 = 0. Let z = 140 - w. What is the tens digit of z?
6
Let q(g) = 165*g - 1. Let d be q(5). Suppose d = 4*c + f, c - 203 = -2*f + f. Suppose 5*p = c - 57. What is the tens digit of p?
3
Suppose -9 = 3*x - 3*h, 3*x + 2*h - 31 = -3*h. Suppose -3*b + 2 = -x*j, -6 = -5*j + 4*b - 2*b. Suppose -29 = -3*v - j. What is the units digit of v?
9
Suppose -17*x + 27*x - 14810 = 0. What is the hundreds digit of x?
4
Let w = 1566 - 1098. What is the tens digit of w?
6
Suppose -38*a = -5*a - 41448. What is the tens digit of a?
5
Let s(m) = m**3 - 2*m**2 + 3*m - 3. Suppose 2*t + 2*t - 8 = 0. Let j be s(t). Suppose 8*h = j*h - 3*n + 95, -100 = -5*h - 2*n. What is the tens digit of h?
2
Let t be 9/(-15) - 206/(-10). Let k = t - 15. What is the units digit of k?
5
Let s = -2460 - -4025. What is the units digit of s?
5
Let n(d) = -d + 1. Let h be n(-1). Suppose -2 - 3 = -r + 4*x, 23 = r + h*x. What is the units digit of r?
7
Let f(t) = -5 + 17 + 12*t - 68 + 12*t. What is the tens digit of f(10)?
8
What is the tens digit of 2/(-9) - (-19592)/36?
4
Let j = 33 + -58. Let t = j - -32. What is the units digit of t?
7
Let y(p) = 3*p**3 + 8*p**2 - 7. Let v(w) = -7*w**3 - 15*w**2 + w + 13. Let d(j) = 2*v(j) + 5*y(j). What is the units digit of d(-9)?
4
Suppose -8*n + 2182 = -16754. What is the tens digit of n?
6
Let k(j) = j**3 + 6*j**2 - 9*j + 1. Let d be k(-7). Let r = d - -45. What is the tens digit of r?
6
Suppose -6*r = -17 - 1273. Suppose -6*l = -11*l + r. What is the units digit of l?
3
Suppose 11*b - 3405 - 6495 = 0. What is the hundreds digit of b?
9
Let j = -77 + 93. Let k(i) = 11*i + 32. What is the hundreds digit of k(j)?
2
Let l(p) = 24*p**3 - 5*p**2 + 5*p + 5. What is the units digit of l(2)?
7
Suppose -3*z - 8685 = -2*d, 4*z = d - 1717 - 2623. What is the units digit of d?
4
Let c(m) = 2*m + 104. Let u be c(0). Suppose 101*g + 219 = u*g. What is the units digit of g?
3
Let v = 15533 - 11062. What is the units digit of v?
1
Let w(n) = -254*n - 315. What is the units digit of w(-24)?
1
Suppose 5*b - 5 = 0, -3*m + 245 = 9*b - 4*b. Suppose 273 = r + m. What is the tens digit of r?
9
Let i(d) be the third derivative of -1/3*d**3 + 0 + 0*d - 6*d**2 - 7/24*d**4. What is the units digit of i(-1)?
5
Suppose 10*d + 5289 - 15719 = 0. What is the units digit of d?
3
Let q = -7 + 50. Suppose -3*o + q = h, -h + o + o = -63. What is the units digit of h?
5
Suppose -2*y = 4*k - 5808, -6*y + 4*k - 2906 = -7*y. What is the tens digit of y?
0
Suppose -14*l + 28545 = -3*l. What is the tens digit of l?
9
Let i(l) = -l + 6. Let b be i(4). Suppose -3*f - 25 = 3*k - 85, 2*k + f - 37 = 0. Suppose -19 = -b*s + k. What is the tens digit of s?
1
Suppose 0 = 3*p + 3*c - 1515, 2*p = 6*p - 4*c - 2060. What is the units digit of p?
0
Let c = -67 - -71. Suppose c*p = -4*o + 8, 3*o - 27 + 1 = p. What is the units digit of o?
7
Suppose -92 + 176 = 3*y. Suppose y = -0*p + p - o, -80 = -3*p + 5*o. What is the tens digit of p?
3
What is the units digit of ((-104)/364)/(3/(-1806))?
2
Let a = 92 + 92. What is the tens digit of a?
8
Suppose 0 = -15*t + 17*t - 6. Suppose 3*m - 213 = -t*z, 0*z - 283 = -4*m - 5*z. What is the tens digit of m?
7
Let b(s) = -2*s + 26. Let x be b(13). Suppose x = -7*y + 8*y - 70. What is the units digit of y?
0
Suppose 29 = 2*d + 25. Let w(n) = -n**d - 3 - 9 - n + 2 - 15*n. What is the units digit of w(-15)?
5
Let c(x) = x**3 + x**2 - x. Let f be c(3). Let o be 4/22 + 2370/f. Suppose o = 4*d - 4*i, -3*i + 5 = 8. What is the units digit of d?
7
Let g(z) = 1 - 5 - 3 + 2*z + z**2. Let m = -111 + 116. What is the units digit of g(m)?
8
Let u = 37 + -35. Suppose 174 = 5*s - u*s. What is the tens digit of s?
5
Suppose 0 = -0*n - 4*n - 4*z + 36, 12 = -2*n + 4*z. Suppose 719 = 5*b - 2*o + 3*o, 2*b + n*o - 302 = 0. What is the units digit of b?
3
Let q be (76/12)/(2/6). Suppose -5*o + 124 = q. Let z = o + -11. What is the tens digit of z?
1
What is the tens digit of 11496/(-16)*(-2)/3?
7
What is the hundreds digit of 1575/(-30)*(-43 + (-1 - 2))?
4
Let v(s) = 16*s + 17 + 6 - 3*s**2 + 2*s**2 - 7. What is the tens digit of v(16)?
1
Let u = 643 - 261. Let y = 665 - u. What is the units digit of y?
3
Let c = -7 - -12. Suppose -4*w - 35 = 53. What is the units digit of 48/c + w/(-55)?
0
Suppose -6*x = -3*x + 12. Let k be (-1)/1*52/x. What is the units digit of -1 + k + (-4)/(-2)?
4
Let o(w) = -w**3 + 27*w**2 + 60*w + 57. What is the thousands digit of o(18)?
4
Suppose 16*t - 4835 - 1085 = 0. What is the hundreds digit of t?
3
Let h(t) = 2*t**3 - 7*t**2 - 8*t - 18. What is the hundreds digit of h(9)?
8
Let f be 0 - (-1 - 0) - -3. Let r(x) = -f*x + 3*x + 11 - 4. What is the units digit of r(3)?
4
Let m = 304 + 462. What is the units digit of m?
6
Let h(f) = -7*f. Let d be h(-5). Let y = d + 40. What is the units digit of y?
5
Let c(y) = 11*y + 74. Let s(o) = -5*o - 89. Let k(j) = -3*j - 45. Let n(l) = 9*k(l) - 4*s(l). Let v(m) = -5*c(m) - 8*n(m). What is the units digit of v(-13)?
9
Let i(r) = r**3 + 6*r**2 + 9*r + 48. What is the tens digit of i(-4)?
4
Suppose -2 + 12 = 2*p. Suppose 3*w = 4*x - 3*x + 79, 4*w - p*x - 120 = 0. Suppose -3*b + 5*b = -r + 13, -5*b - r = -w. What is the units digit of b?
4
Suppose 3*v = -s + 40, 4*v - 209 = -3*s - 84. Suppose 2*g - 5*j = -0*g - 6, 0 = 4*g + 4*j - 16. Suppose -49 = -g*m + s. What is the tens digit of m?
4
Suppose -3*m - 378 = -9*m. What is the units digit of m + 0/(0 - 4)?
3
What is the tens digit of (1 - 2) + 1 - -3 - -247?
5
Let b = 354 - 210. What is the tens digit of b?
4
Suppose 2*m - 4*g + g - 9 = 0, -2*g + 1 = m. Let b = 80 + m. What is the units digit of b?
3
Suppose 0 = 12*g - 10*g - 72. Suppose 3*u - 2*s = 5*u - 16, 5*u + 4*s - g = 0. What is the units digit of u?
4
Suppose 6 = 5*a - 3*a. Suppose 14 = 2*n - a*p, 0 = 5*n + 4*p - 20 - 61. What is the tens digit of n?
1
Suppose d - 10 = -r, -4*d + 5 + 15 = 0. What is the tens digit of ((-138)/r)/(42/(-105))?
6
Let u = 8004 + -4213. What is the thousands digit of u?
3
Let